ctor of 30 and 17317575?
15
What is the greatest common factor of 38 and 21157051?
19
What is the greatest common divisor of 5796 and 118939716?
5796
What is the greatest common factor of 442 and 317518928?
34
Calculate the greatest common factor of 228 and 32145492.
228
What is the greatest common divisor of 540 and 3177144?
108
Calculate the greatest common factor of 918 and 2384658.
306
Calculate the greatest common divisor of 28129 and 2738297.
1223
Calculate the highest common factor of 50 and 124941925.
25
Calculate the greatest common divisor of 1296 and 1388.
4
Calculate the highest common divisor of 46183742 and 146.
146
Calculate the highest common factor of 384 and 813200.
16
Calculate the highest common divisor of 8868 and 77760.
12
Calculate the highest common factor of 30858 and 606318.
834
What is the highest common divisor of 122767630 and 320?
10
Calculate the greatest common divisor of 20476800 and 905024.
5056
What is the greatest common divisor of 7220020 and 100?
20
What is the greatest common factor of 107856 and 90972?
252
What is the greatest common divisor of 15183 and 9039910?
241
Calculate the greatest common factor of 65549379 and 119.
7
What is the highest common factor of 14 and 70496762?
14
What is the greatest common divisor of 281597034 and 13842?
4614
What is the highest common divisor of 2312 and 127096?
8
Calculate the highest common factor of 114 and 27167967.
57
What is the greatest common factor of 108417287 and 209?
209
Calculate the highest common factor of 91857 and 141571.
67
What is the greatest common divisor of 118715 and 10?
5
What is the greatest common divisor of 1501280 and 169620?
220
What is the highest common divisor of 5014 and 2625156?
218
What is the highest common factor of 296 and 14973086?
74
What is the greatest common factor of 1456 and 128901136?
1456
Calculate the highest common factor of 8162 and 626010.
154
Calculate the highest common divisor of 9486476 and 884.
68
Calculate the highest common divisor of 116424 and 89846988.
6468
What is the greatest common divisor of 756579546 and 2826?
2826
What is the greatest common factor of 36469510 and 440?
110
Calculate the highest common factor of 2960616 and 2748.
12
Calculate the greatest common divisor of 783882 and 339190.
214
What is the highest common factor of 27568966 and 1682?
58
What is the greatest common divisor of 22630797 and 9261?
3087
What is the greatest common divisor of 532 and 50455412?
532
Calculate the greatest common factor of 26066035 and 65.
5
Calculate the highest common factor of 894 and 1189332.
6
What is the greatest common divisor of 6436070 and 41136?
1714
What is the highest common factor of 22969 and 55277686?
223
Calculate the highest common divisor of 4666348 and 3196.
188
What is the highest common factor of 1672 and 1473401512?
1672
Calculate the highest common divisor of 24339 and 723216.
3477
Calculate the highest common factor of 29547 and 16326359.
3283
Calculate the greatest common divisor of 11398 and 67415.
139
Calculate the highest common factor of 9314 and 182.
2
What is the greatest common divisor of 9410 and 121470?
10
Calculate the greatest common factor of 7464 and 19320564.
3732
What is the highest common factor of 326128 and 1038334?
2398
What is the greatest common factor of 239790867 and 14285?
2857
What is the greatest common divisor of 10694670 and 3864?
42
Calculate the highest common factor of 130509 and 3060.
153
Calculate the highest common factor of 29631 and 63672.
21
Calculate the highest common divisor of 54 and 212722074.
18
Calculate the highest common divisor of 1804 and 35695.
11
What is the highest common factor of 232479 and 29016?
117
Calculate the highest common divisor of 3317752795 and 47.
47
What is the highest common divisor of 3312803 and 13?
13
What is the highest common divisor of 20595383 and 1747?
1747
What is the highest common divisor of 96 and 11325628?
4
Calculate the greatest common factor of 422703 and 163413.
603
Calculate the greatest common factor of 1524861 and 1521.
117
What is the highest common factor of 2508940 and 483?
7
What is the greatest common factor of 134 and 5216590?
2
What is the highest common divisor of 64 and 13352288?
32
Calculate the greatest common factor of 14284 and 92.
4
Calculate the highest common divisor of 4757509 and 104963.
2441
Calculate the greatest common divisor of 525 and 1046500.
175
What is the greatest common factor of 13078 and 1283750?
26
Calculate the greatest common factor of 1294880 and 1240.
40
Calculate the highest common divisor of 7461062 and 8874.
986
Calculate the highest common divisor of 620 and 219230.
10
What is the greatest common factor of 296 and 36326378?
74
What is the greatest common divisor of 2875 and 1964004500?
2875
Calculate the greatest common divisor of 2003893 and 105979.
809
What is the greatest common factor of 1469959645 and 385?
385
Calculate the highest common factor of 842745 and 1311.
57
Calculate the highest common factor of 1814162 and 398344.
202
Calculate the greatest common factor of 52009 and 33.
1
Calculate the greatest common factor of 27730 and 49703252.
5546
What is the greatest common factor of 743355 and 2460?
15
What is the greatest common factor of 142404824 and 248?
248
Calculate the greatest common factor of 12006000 and 928.
464
Calculate the highest common divisor of 36562 and 13197434.
362
What is the greatest common factor of 506 and 86878?
22
What is the highest common divisor of 225517 and 3?
1
Calculate the greatest common factor of 2482 and 329299350.
2482
What is the greatest common divisor of 51541350 and 210?
210
Calculate the greatest common factor of 2256 and 351971344.
752
What is the greatest common factor of 820164575 and 425?
425
What is the highest common divisor of 82849004 and 103394?
6082
What is the highest common divisor of 24209207 and 44?
11
What is the highest common divisor of 15462984 and 24?
24
What is the greatest common divisor of 2123936 and 11744?
32
Calculate the highest common factor of 237 and 4549452.
237
What is the greatest common factor of 894628 and 707?
7
What is the greatest common factor of 379 and 133731287?
379
What is the highest common divisor of 1048806 and 1023?
33
Calculate the highest common divisor of 32293060 and 1180.
1180
What is the greatest common divisor of 32529584 and 5216?
2608
What is the highest common divisor of 18448 and 4572798?
2306
What is the highest common factor of 8335873 and 128310?
4277
Calculate the greatest common divisor of 721264 and 65771.
739
Calculate the highest common factor of 5 and 179981.
1
What is the highest common factor of 222054 and 248892?
42
Calculate the greatest common factor of 73344107 and 491.
491
What is the highest common factor of 59570 and 7929250?
1610
Calculate the highest common divisor of 584262 and 1773.
9
Calculate the highest common factor of 450354 and 168213.
141
Calculate the greatest common divisor of 208733 and 3017.
7
Calculate the greatest common divisor of 4307192 and 80.
8
Calculate the highest common factor of 3587 and 22410199.
17
What is the greatest common divisor of 164 and 164847019?
41
Calculate the greatest common divisor of 642 and 91974.
6
What is the greatest common factor of 19412944 and 806?
62
Calculate the highest common divisor of 2052 and 8433112.
76
What is the highest common divisor of 1041660 and 49185?
45
What is the greatest common factor of 972 and 114904737?
243
Calculate the highest common factor of 78936 and 29532.
276
What is the highest common divisor of 14450 and 56777450?
850
What is the greatest common divisor of 8211 and 6601?
161
Calculate the highest common factor of 553938 and 966.
42
Calculate the greatest common factor of 108 and 76463406.
54
What is the highest common divisor of 4316249 and 21413?
3059
What is the greatest common divisor of 190231 and 16471?
181
What is the highest common divisor of 2574 and 1209492?
18
What is the greatest common divisor of 20843530 and 340?
170
What is the highest common divisor of 396570 and 50010?
30
Calculate the highest common factor of 4632 and 303888.
24
Calculate the highest common divisor of 30647817 and 342.
171
Calculate the greatest common divisor of 8112